ime?
True
Let x = 3 - 0. Suppose -2*q + 3545 = x*q. Is q a composite number?
False
Suppose 0 = -2*c + 12 - 2. Suppose 2*f + 2*f + 580 = 4*l, c*f = -l + 133. Is l a prime number?
False
Let x = 8 - 7. Let g(b) = 336*b**3 - 2*b + 2. Let h be g(x). Suppose z - 122 = h. Is z a composite number?
True
Suppose 482 + 202 = 2*x. Let m = x - -528. Is 14/6*m/10 composite?
True
Let t(k) = 3*k - 17. Let x be (24/10)/(18/60). Suppose 5*c - 5*a = 100, -x = -c - 2*a - 0*a. Is t(c) composite?
False
Suppose -g - m = 79, m - 91 = g - 18. Let o = 69 - g. Is o a prime number?
False
Is (2 - (-17222)/(-2))/(18/(-18)) a composite number?
False
Let d(h) = 34 + h**3 + 7*h + 4*h - 152*h**2 + 132*h**2. Is d(20) composite?
True
Let s = 53 - 53. Suppose n - 3151 = -s*n - 3*z, -2*n + 6318 = 2*z. Is n composite?
False
Let b = 28695 - 4978. Is b composite?
True
Let t(b) = b + 10. Let w = -35 + 25. Let v be t(w). Suppose v = 7*m - m - 1398. Is m a prime number?
True
Suppose -5*k - 3*n + 4922 = -27071, 6409 = k - 2*n. Is k a prime number?
False
Suppose -5*y = 5*u - 176154 - 70356, u - 4*y = 49277. Is u a prime number?
True
Suppose 4*n = 10 + 6. Let o be (n/(-6))/((-4)/(-12)). Is (111/o)/((-18)/24) prime?
False
Let t(w) be the third derivative of 5*w**4/3 + 5*w**3/6 - 2*w**2. Is t(2) prime?
False
Let d = -19 - -21. Suppose 2*y + d*y = 0. Is (y - 1) + -3 + 218 a composite number?
True
Is 18636 + 1 + (-8)/4 prime?
False
Let d(n) = n**3 - 60*n**2 + 86*n - 47. Is d(60) a prime number?
True
Let m = -22 - -48. Let x = m + -18. Let v = 199 - x. Is v prime?
True
Let r = -687 - -2588. Is r a prime number?
True
Let b(x) = -x + 11. Let y be b(9). Suppose 0 = -y*u + 103 + 711. Suppose -2*p = 3*o - u, 0 = p - 0*o - 4*o - 198. Is p a prime number?
False
Let d be 2*(1/2 + -2). Is (7/d)/(5/(-12135)) a prime number?
False
Suppose 15*q + 7 = 16*q. Let b be ((-32)/(-40))/((-1)/5). Is (2/b)/(q/(-518)) composite?
False
Let t(m) = -m**3 + 35*m**2 + 18*m + 43. Is t(35) composite?
False
Let n(u) = -2*u - 6 - 21*u + 4*u - 4. Let g be n(-8). Is -1*1 + (g - -2) a composite number?
True
Let g(b) = 0 + 26*b - 2 + 10*b - 15*b. Suppose 4*f + 0*f = 3*a - 21, -2*f = a - 7. Is g(a) a prime number?
False
Let m be 4/16 + (-21)/(-12) + 626. Suppose z - 6*z + 1052 = -3*r, -3*z + 5*r + m = 0. Is z a composite number?
False
Is ((-2)/(-1))/((-19)/((-2006191)/22)) a composite number?
True
Suppose 0*l + h + 4 = 3*l, h - 2 = 0. Suppose 2*a + l*a = 12. Suppose z + 3*w - 347 = 0, -a*z - w + 2*w = -1001. Is z a prime number?
False
Let a = -570 + 1773. Suppose 0 = -2*g - 97 + a. Is g prime?
False
Let s(z) = -601*z - 113. Is s(-10) a composite number?
False
Let u = -99 + 102. Suppose 208 + 74 = u*y. Is y prime?
False
Suppose g - 5*a = 19, 2*a + a = 2*g - 17. Suppose 0 = 5*d - g*d - 163. Is d prime?
True
Suppose 2*k + 32 = 314. Suppose 0 = -2*g, k = 3*v - 3*g + 18. Suppose o - 204 + v = 0. Is o a composite number?
False
Suppose -3*c = -c + 2*c. Suppose 1630 = 3*o - 3*u - 998, 4*u - 4 = c. Is o a composite number?
False
Suppose -4*q = -9*q + 235. Suppose -5*o + 223 + q = 0. Let y = 133 - o. Is y a prime number?
True
Let c(o) = 169*o**2 - 5*o - 2. Let j(l) = -84*l**2 + 3*l + 1. Let u be ((-12)/36)/(1/(-9)). Let m(f) = u*c(f) + 5*j(f). Is m(-2) composite?
False
Let u be 5/(-25)*-5 + -883. Let g = 1825 + u. Is g composite?
True
Let i = -838 - -1202. Let m = i - 107. Is m a composite number?
False
Let x be 220/15*(1 - 4). Is (-1)/(-4) + (-8393)/x prime?
True
Let l be ((-12)/8 - 1)*-2. Suppose 2*a = l*q + 4, -5*q = 4*a - 7*a - 4. Let w(g) = -3*g + 7. Is w(a) a composite number?
False
Suppose -405 = -3*h - 72. Suppose -4*z = -d - h, -2*z = z + 4*d - 107. Suppose 4*m - 52 = -2*a + 4*a, -3*m = a - z. Is m a composite number?
False
Suppose -4*g + 0*g = 0, -10 = 5*p + 2*g. Let d(l) = 3*l - 1 - 2*l**3 - 5*l + 3*l + l**2 - l**3. Is d(p) prime?
False
Let p(r) = 48*r**2 - 19*r - 4. Is p(13) composite?
True
Suppose -2*v + 14*p - 9*p = -1179, 5*p = -2*v + 1169. Is v composite?
False
Let j(v) = 42*v**2 - 11*v + 53. Is j(8) a composite number?
True
Suppose -12 = -g + 23. Suppose 0 = o + 2*m - g, -4*o + 159 = -2*m - 1. Let j = o - 14. Is j a prime number?
False
Let x(w) = -4734*w**3 + 4*w**2 + 1. Is x(-2) composite?
False
Suppose 4*p - t - 8977 = 0, -19*p - 2260 = -20*p - 5*t. Is p a composite number?
True
Let u = 1873 - 3406. Let p = -1076 - u. Is p a composite number?
False
Let k = -424 - -626. Suppose n - k = 355. Is n a prime number?
True
Suppose -4*o = 2*j - 3 - 1, -4*j + 5 = 5*o. Suppose j = 8*l - 368 - 824. Is l a composite number?
False
Suppose 536 = -12*o + 11204. Is o prime?
False
Let o be 12/(-10)*2550/(-6). Suppose 5*m = 2515 - o. Is m a composite number?
False
Suppose -4*w - 3*a = -6*w + 3013, 5*w - 5*a - 7540 = 0. Is w a composite number?
False
Is 3 + 3/(-1) + (8797 - 15) a prime number?
False
Let t(z) be the first derivative of z**3/3 - 4*z**2 - 7*z + 2. Let d be t(9). Suppose -d*w + 1516 = 2*w. Is w composite?
False
Let j(o) = 7*o**2 + 46*o - 49. Is j(20) a prime number?
True
Let y be 1/((-18)/10 + 2). Suppose 0 = -h - y*h + 2910. Is h prime?
False
Let x(h) = -2*h - 8. Let i be x(-5). Suppose i*t - 14 = -0*t. Suppose -4*u + 3*q + 1720 = 0, -5*u + 2*q - t*q + 2115 = 0. Is u a composite number?
True
Suppose 3*l = 2237 - 11. Suppose 2*q - l = 3*h, 5*q - 2*h = 2670 - 837. Suppose 3*b - 3646 = q. Is b composite?
True
Suppose -12*g + 2*c = -7*g - 7715, 4*g + 3*c - 6149 = 0. Is g prime?
False
Suppose 5*l - 3*l - 3*m = 1295, -3*l = -4*m - 1943. Is l prime?
False
Suppose 9*g - 5*g = 36832. Let z = g + -3335. Is z a prime number?
False
Is -3 + (-105769 - -9)/(-8) composite?
False
Let f(m) = -97*m**2 - 4. Let u(w) = 97*w**2 + 4. Let i(t) = 3*f(t) + 2*u(t). Let d be i(-2). Let l = 1207 + d. Is l prime?
False
Suppose 0*u = u - 5. Suppose 0 = -5*m + 3*h + h + 195, 3*h = -u*m + 160. Suppose -2*s = -207 - m. Is s prime?
False
Let t be (-4)/3*(-1 + -35). Let x = 359 - 136. Let z = t + x. Is z prime?
True
Let u = -842 - -3879. Is u composite?
False
Is (-256256)/(-140) - 6/(-10) a composite number?
False
Suppose -2 = -y + 1. Let u be 3 - (y - 0 - -1). Is 6/3 + u + 6 a composite number?
False
Let m be (-4)/5 + 3284/5. Let a = 231 + m. Is a a prime number?
True
Let v(q) = -2*q + 3. Let z be v(3). Let u(l) = 22*l**2 + l + 3. Let y be u(z). Suppose 4*d = 5*o + 1484, -o - y = -2*d + 544. Is d a prime number?
False
Suppose 4 = 2*d, -2*y = -6*y + 2*d + 40. Let w(p) = 3*p**2 + 3*p - 15. Is w(y) prime?
False
Let o(d) = 1040*d + 49. Is o(20) a prime number?
True
Let b(w) be the first derivative of w**3/3 + w**2/2 - 4. Let f be b(0). Is (f - -1)/(3/153) a prime number?
False
Suppose h - 1556 = -h. Let b = 100 + h. Is b a prime number?
False
Suppose 10105 = 3*r + 2*o - 9298, -3*r - 4*o + 19399 = 0. Is r a prime number?
True
Let n be -13*(-82)/(-8)*-4. Suppose -3*j + 2665 = 2*j + 3*l, 5*l = -j + n. Is j composite?
True
Let b = 13 - 4. Let j be 1/3 + 312/b. Let l = -9 + j. Is l a composite number?
True
Let w be 121/5 - (-8)/(-40). Is 5224/w - 2/(-6) composite?
True
Let w(m) = m**3 + 2*m**2 + 3*m - 5. Let n(l) be the second derivative of l**4/12 + l. Let q(s) = 4*n(s) + w(s). Is q(6) composite?
True
Let w = 11828 - 6739. Is w prime?
False
Let g(m) = -m**2 - 7*m + 10. Let a be g(-8). Let v(k) = 1929*k - 46. Let c(u) = -386*u + 9. Let x(o) = a*v(o) + 11*c(o). Is x(-3) a prime number?
True
Let v(x) = 4*x**2 - 2*x - 4. Let f be v(3). Let u = 36 - f. Let z(j) = -j**2 + 12*j - 9. Is z(u) prime?
True
Suppose 0 = -46*u + 41*u + 5, -20042 = -3*a - 5*u. Is a a composite number?
False
Suppose -23*i + 15*i + 24 = 0. Suppose i*l + 9605 = 8*l. Is l a composite number?
True
Is 2/(-7) + 90125/49 a prime number?
False
Is 2/3*22/((-616)/(-2426466)) prime?
True
Let x = 1629 + 15940. Is x composite?
False
Suppose -36 = -4*y - u - 4*u, -4*y + 20 = u. Suppose -9*c + 25685 = -y*c. Is c a prime number?
False
Let t = -25 - -37. Let g(x) = -58*x + 121*x - 49*x - 5. Is g(t) composite?
False
Let z = -851 + 1464. Is z prime?
True
Is (-29)/116 - (-37626)/8 a composite number?
False
Is 2 - (7*-8822 - 75/(-15)) a composite number?
False
Suppose 0*q = q. Suppose -h - 11 - 5 = q. Is ((-634)/(-3))/(h/(-24)) a composite number?
False
Suppose 0 = -2*a - 5*w + 19, 5*w = 3*a + 2*a - 65. Let m(g) = -